{"id":38,"date":"2014-10-31T08:47:28","date_gmt":"2014-10-31T08:47:28","guid":{"rendered":"http:\/\/jj-maskinstation.dk\/?page_id=38"},"modified":"2025-01-22T10:57:10","modified_gmt":"2025-01-22T10:57:10","slug":"landbrug","status":"publish","type":"page","link":"https:\/\/jj-maskinstation.dk\/?page_id=38","title":{"rendered":"Landbrug"},"content":{"rendered":"<p><a href=\"http:\/\/jj-maskinstation.dk\/wp-content\/uploads\/2014\/10\/2014-04-03-09.55.19.jpg\"><img loading=\"lazy\" decoding=\"async\" class=\"alignnone  wp-image-71\" src=\"http:\/\/jj-maskinstation.dk\/wp-content\/uploads\/2014\/10\/2014-04-03-09.55.19-150x150.jpg\" alt=\"2014-04-03 09.55.19\" width=\"150\" height=\"150\" srcset=\"https:\/\/jj-maskinstation.dk\/wp-content\/uploads\/2014\/10\/2014-04-03-09.55.19-150x150.jpg 150w, https:\/\/jj-maskinstation.dk\/wp-content\/uploads\/2014\/10\/2014-04-03-09.55.19-270x270.jpg 270w\" sizes=\"auto, (max-width: 150px) 100vw, 150px\" \/><\/a><a href=\"http:\/\/jj-maskinstation.dk\/wp-content\/uploads\/2014\/10\/Billede011.jpg\"><img loading=\"lazy\" decoding=\"async\" class=\"alignnone size-thumbnail wp-image-78\" src=\"http:\/\/jj-maskinstation.dk\/wp-content\/uploads\/2014\/10\/Billede011-150x150.jpg\" alt=\"Billede011\" width=\"150\" height=\"150\" srcset=\"https:\/\/jj-maskinstation.dk\/wp-content\/uploads\/2014\/10\/Billede011-150x150.jpg 150w, https:\/\/jj-maskinstation.dk\/wp-content\/uploads\/2014\/10\/Billede011-270x270.jpg 270w\" sizes=\"auto, (max-width: 150px) 100vw, 150px\" \/><\/a><\/p>\n<p>Vi tilbyder ogs\u00e5\u00a0 hj\u00e6lp til landbrugsarbejdet.<\/p>\n<p>Her kan vi klare alt indenfor:<\/p>\n<p>&#8211; S\u00e5ning<\/p>\n<p>&#8211; Spr\u00f8jtning<\/p>\n<p>&#8211; H\u00f8starbejdet<\/p>\n<p>&#8211; Pl\u00f8jning.<\/p>\n<p>&nbsp;<\/p>\n<p>&nbsp;<\/p>\n<p>&nbsp;<\/p>\n","protected":false},"excerpt":{"rendered":"<p>Vi tilbyder ogs\u00e5\u00a0 hj\u00e6lp til landbrugsarbejdet. Her kan vi klare alt indenfor: &#8211; S\u00e5ning &#8211; Spr\u00f8jtning &#8211; H\u00f8starbejdet &#8211; Pl\u00f8jning. &nbsp; &nbsp; &nbsp;<\/p>\n","protected":false},"author":2,"featured_media":0,"parent":0,"menu_order":0,"comment_status":"closed","ping_status":"open","template":"","meta":{"footnotes":""},"class_list":["post-38","page","type-page","status-publish","hentry"],"_links":{"self":[{"href":"https:\/\/jj-maskinstation.dk\/index.php?rest_route=\/wp\/v2\/pages\/38","targetHints":{"allow":["GET"]}}],"collection":[{"href":"https:\/\/jj-maskinstation.dk\/index.php?rest_route=\/wp\/v2\/pages"}],"about":[{"href":"https:\/\/jj-maskinstation.dk\/index.php?rest_route=\/wp\/v2\/types\/page"}],"author":[{"embeddable":true,"href":"https:\/\/jj-maskinstation.dk\/index.php?rest_route=\/wp\/v2\/users\/2"}],"replies":[{"embeddable":true,"href":"https:\/\/jj-maskinstation.dk\/index.php?rest_route=%2Fwp%2Fv2%2Fcomments&post=38"}],"version-history":[{"count":3,"href":"https:\/\/jj-maskinstation.dk\/index.php?rest_route=\/wp\/v2\/pages\/38\/revisions"}],"predecessor-version":[{"id":124,"href":"https:\/\/jj-maskinstation.dk\/index.php?rest_route=\/wp\/v2\/pages\/38\/revisions\/124"}],"wp:attachment":[{"href":"https:\/\/jj-maskinstation.dk\/index.php?rest_route=%2Fwp%2Fv2%2Fmedia&parent=38"}],"curies":[{"name":"wp","href":"https:\/\/api.w.org\/{rel}","templated":true}]}}