{"id":7,"date":"2014-06-27T06:43:16","date_gmt":"2014-06-27T06:43:16","guid":{"rendered":"http:\/\/jj-maskinstation.dk\/?page_id=7"},"modified":"2025-01-22T10:23:52","modified_gmt":"2025-01-22T10:23:52","slug":"velkommen-til-j-j-maskinstation-aps","status":"publish","type":"page","link":"https:\/\/jj-maskinstation.dk\/?page_id=7","title":{"rendered":"VELKOMMEN TIL J.J. MASKINSTATION APS"},"content":{"rendered":"<p><!--more--><\/p>\n<p>Vi har stor erfaring og rutine i b\u00e5de st\u00f8rre og mindre opgaver indenfor entrepren\u00f8r-, kloak- og anl\u00e6gsarbejde. For os betyder kvalitet alt! Vores arbejde bygger p\u00e5 tillid omkring kvalitet, for det er vigtigt at de skjulte r\u00f8r kan holde i mange \u00e5r frem.<\/p>\n<p>Vi st\u00e5r for en god og h\u00e6derlig kundebetjening, og vi ligger v\u00e6gt p\u00e5 h\u00e5ndv\u00e6rkm\u00e6ssigt kvalitetsarbejde, som selvf\u00f8lgelig bliver udf\u00f8rt til konkurrencedygtige priser.<\/p>\n<p>Med dygtige og veluddannede medarbejdere, samt moderne teknologi, har vi mulighed for at fremst\u00e5 som en p\u00e5lidelig, alsidig og moderne samarbejdspartner. Med andre ord &#8211; du kan trygt overlade opgaven til os, s\u00e5 er du sikret god h\u00e5ndv\u00e6rksm\u00e6ssig kvalitet, der vil holde mange \u00e5r i fremtiden.<\/p>\n<p>Ring eller skriv til os for et uforpligtende tilbud, eller hvis De har yderligere sp\u00f8rgsm\u00e5l.<\/p>\n<p>Vi ser frem til at komme i gang med din opgave.<\/p>\n","protected":false},"excerpt":{"rendered":"","protected":false},"author":1,"featured_media":0,"parent":0,"menu_order":0,"comment_status":"closed","ping_status":"open","template":"","meta":{"footnotes":""},"class_list":["post-7","page","type-page","status-publish","hentry"],"_links":{"self":[{"href":"https:\/\/jj-maskinstation.dk\/index.php?rest_route=\/wp\/v2\/pages\/7","targetHints":{"allow":["GET"]}}],"collection":[{"href":"https:\/\/jj-maskinstation.dk\/index.php?rest_route=\/wp\/v2\/pages"}],"about":[{"href":"https:\/\/jj-maskinstation.dk\/index.php?rest_route=\/wp\/v2\/types\/page"}],"author":[{"embeddable":true,"href":"https:\/\/jj-maskinstation.dk\/index.php?rest_route=\/wp\/v2\/users\/1"}],"replies":[{"embeddable":true,"href":"https:\/\/jj-maskinstation.dk\/index.php?rest_route=%2Fwp%2Fv2%2Fcomments&post=7"}],"version-history":[{"count":6,"href":"https:\/\/jj-maskinstation.dk\/index.php?rest_route=\/wp\/v2\/pages\/7\/revisions"}],"predecessor-version":[{"id":120,"href":"https:\/\/jj-maskinstation.dk\/index.php?rest_route=\/wp\/v2\/pages\/7\/revisions\/120"}],"wp:attachment":[{"href":"https:\/\/jj-maskinstation.dk\/index.php?rest_route=%2Fwp%2Fv2%2Fmedia&parent=7"}],"curies":[{"name":"wp","href":"https:\/\/api.w.org\/{rel}","templated":true}]}}